ivided by 12.
6
Suppose -24866 = -50*f - 7766. What is the remainder when f is divided by 84?
6
Let h = 282 - 411. Let b = 227 + h. Let w = -7 + 32. What is the remainder when b is divided by w?
23
Suppose -1147 - 488 = -115*h + 5380. Calculate the remainder when 457 is divided by h.
30
Suppose -4*v + 116 = -320. Suppose -v = -3*s - 46. Suppose -p = -s - 12. What is the remainder when 62 is divided by p?
29
Calculate the remainder when 34472/72 + 20/90 is divided by 50.
29
Suppose -149 - 71 = -20*p. Suppose -212 = -p*k + 7*k. Calculate the remainder when 370 is divided by k.
52
Let j = 4199 + -3996. What is the remainder when 622 is divided by j?
13
Suppose 60814 + 114 = 17*y. What is the remainder when y/40 + 2/10*-3 is divided by 18?
17
Suppose 0 = 4*k + h + 1546, 1010 - 242 = -2*k - 3*h. Let s = k + 407. Calculate the remainder when 176 is divided by s.
16
Let a = 7 - 7. Suppose a = -m - 0 + 3. Suppose -3*s + 171 = m*h, -2*s = 2*h - h - 59. What is the remainder when h is divided by 20?
15
Let a(f) = f**3 - 19*f**2 - 22*f + 40. Let o be a(20). Suppose o = 28*l - 23*l - 30. Suppose -13*b + 15*b = 52. Calculate the remainder when b is divided by l.
2
Calculate the remainder when ((-3)/(-2))/(((-31)/((-1240)/12))/1383) is divided by 173.
168
Let h = 156 + -30. Suppose -2*a - 559 = -6*a - 3*t, -h = -a + 2*t. Suppose -2*z + a = 2*z. What is the remainder when 135 is divided by z?
33
Let h(q) = -19*q - 60. Let b(d) = -64*d + 118. Let c be b(2). Calculate the remainder when h(c) is divided by 38.
16
Let b(f) = -3510*f**3 + 16*f**2 + 13*f. Calculate the remainder when b(-1) is divided by 32.
25
Let y = -3822 - -4474. What is the remainder when y is divided by 9?
4
Calculate the remainder when 2/(-3) + (-3 - (6 + (-395)/3)) is divided by 27.
14
Suppose -38*t + 195 - 45 = -2434. What is the remainder when 606 is divided by t?
62
Let a(k) be the first derivative of -k**4/4 - 2*k**3 - 5*k**2/2 + 11*k + 13. Suppose -2*w + 8 = 18. Calculate the remainder when 31 is divided by a(w).
9
Let v(d) = d**2 + 1862. Let m be v(0). Suppose 1861*k + 48 = m*k. Calculate the remainder when k is divided by 18.
12
Suppose 5*t + 4*p + 0*p = 12, -p = -4*t + 18. Suppose -30 = -5*f - 13*u + 8*u, -2*f + t = 4*u. Calculate the remainder when 79 is divided by f.
9
Let p(u) = -3*u**3 + 14*u**2 - 6*u + 4. Let t be p(4). Suppose -31*k = -t*k - 2033. Calculate the remainder when k is divided by 54.
53
Let i(c) = -4*c**2 - 197*c - 57. Let f be i(-49). Let a = f - -228. Calculate the remainder when a is divided by 25.
20
Suppose -13*h + 820 = -18*h. Let a = h + 181. What is the remainder when 135 is divided by a?
16
Let i(l) = -l**2 - 7*l - 12. Let g be i(-4). Suppose g = -68*o + 64*o - 152. What is the remainder when 27 is divided by 5 - o/(-8) - (-31)/4?
3
Let n(v) = -2 + v**3 - 3*v - v**2 + 3 - v**2 + 0*v. Let g be n(2). Let a(w) = -21*w - 8. Calculate the remainder when a(g) is divided by 20.
17
Let t(c) = -2*c**2 - 54*c + 66. Let v be t(-28). Suppose -460 = -4*d - d. What is the remainder when d is divided by -19*(v/(-55) + (-9)/11)?
16
Suppose -5*c - 7*c + 48 = 0. Suppose -3*g + 2*b + 309 = -38, c*b - 97 = -g. Calculate the remainder when g is divided by 39.
35
Let p(n) = 148*n + 1092. Calculate the remainder when p(-4) is divided by 4.
0
Suppose z - 10 = -2*s, 2*s + 11 = -5*z + 29. Suppose -4 + 36 = u. What is the remainder when u is divided by 15/10*12/z?
5
Suppose 2*g - 2664 = -3*t, t + 175 = 173. What is the remainder when g is divided by 44?
15
Suppose 888 = 13*h - 17*h. Let c = -99 - h. What is the remainder when c is divided by 21?
18
Suppose -215 + 447 = -17*v + 317. Calculate the remainder when 73 is divided by v.
3
Calculate the remainder when 1258 is divided by 12590/180 - 20/(-360).
68
Suppose -2*k + 87 = -229. Suppose -20*h = -24*h + 60. Calculate the remainder when k is divided by h.
8
Suppose -3717 - 4047 = -72*i - 852. Calculate the remainder when 1160 is divided by i.
8
Suppose 260 + 424 = 36*b. Let y(h) = -4*h + 100. What is the remainder when 90 is divided by y(b)?
18
Let v = -395 - -408. Suppose 2*h = -2*y + 6 - 0, 4*y = -5*h + 11. What is the remainder when v is divided by y?
1
Suppose -b + 3*j + 1 + 5 = 0, -4*b = 2*j - 10. Suppose -b*l - 3 = k, -10*l = -6*l + 12. What is the remainder when 83 is divided by k?
5
Suppose 4*d + 70 = -206. Let n = 25 - d. Calculate the remainder when n is divided by 19.
18
Let a(u) be the third derivative of -5*u**4/8 - u**3/6 + 5*u**2. Calculate the remainder when a(-2) is divided by (25/(-15))/(6/(-18)).
4
Suppose x - 3*o - 20 = 0, -x = -3*x - o + 5. Suppose x*v = 107 - 12. Calculate the remainder when 51 is divided by v.
13
Let g(s) = 10*s**2 - 2*s + 15. Let f be g(3). Suppose 128 = k + f. What is the remainder when k is divided by 18?
11
Suppose 5*a - 139 = -f, -2*f + 2*a + 377 = 147. Suppose -8*l + 13*l = l + 80. What is the remainder when f is divided by l?
19
Let o = -78 - -199. Let a = -269 - -271. Calculate the remainder when o is divided by -1 - 28/(-1) - (-2 - a).
28
Let h(i) = 17*i**3 - 5*i**2 - 3. Let c be h(-3). Let n = -492 - c. Calculate the remainder when 193 is divided by n.
13
Suppose 33*d = 24*d - 18. Suppose 0 = -3*l + 12 + 18. What is the remainder when 162 is divided by d + 2 + (25 - l)?
12
What is the remainder when 3948 is divided by -6*247/(-26)*(-6)/(-9)?
34
Suppose -4*i = d - 140, 4*i + 4 + 8 = 0. Let f be 0/(-1 - 1) + d. Suppose -5*m + m = -f. What is the remainder when m is divided by 14?
10
Suppose -s = -5*n + 784, -4*n + 2*s + 91 + 535 = 0. Calculate the remainder when 340 is divided by n.
26
Let h = -34237 - -34442. Calculate the remainder when h is divided by 99.
7
Let y(u) = -20*u - 98. Let s be (-153)/(-68)*64/(-12). Calculate the remainder when y(s) is divided by 36.
34
Suppose 0 = -4*c - 5*n + 17, c - 6*n + 11*n = 8. Suppose -4*i + 128 = c*d, 39 + 57 = 4*i - 5*d. What is the remainder when 196 is divided by i?
22
Let f be 17 + ((-16 + 0)/4 - -9). Suppose -f*h = -783 + 101. Calculate the remainder when h is divided by (3/(-6))/((-1)/32).
15
Let c(y) = -182*y + 11493. Calculate the remainder when 1229 is divided by c(63).
14
Calculate the remainder when (-5 - -2084) + (-3)/(-4)*(-64)/(-8) is divided by 23.
15
Suppose 0 = -6*r + 9*r + 2*j - 29, 3*r = 2*j + 37. Let m(a) = a - 14. Let l be m(0). Calculate the remainder when r*5 - (l - -11) is divided by 21.
16
Let q(x) = -43*x + 1394. Calculate the remainder when q(18) is divided by 212.
196
Suppose 0 = -v + 2*o + 61, -22*v = -23*v + 4*o + 65. Calculate the remainder when 3133 is divided by v.
55
Let q(u) = -2*u**3 - u. Let d(t) = -38*t**2 + 20*t + 18. Let l be d(-3). What is the remainder when 256/l + (1 - (-274)/6) is divided by q(-2)?
10
Let n = 9979 - 9958. Calculate the remainder when 1152 is divided by n.
18
Let k = 76 + -72. Let w(t) = -9*t - 10 - 6*t + t**2 - t - 2*t**2. Calculate the remainder when w(-15) is divided by k.
1
Let y(t) = -3*t + 8. Let w be (15 - 1 - -3)*9. Suppose 4*l - 3*f + 12 = w, 5*l + f - 181 = 0. Calculate the remainder when l is divided by y(-4).
16
Let a = 32 + -15. Let y(m) = 5*m - 8. Let k(f) = 4*f + 15. Let x be k(0). Calculate the remainder when y(x) is divided by a.
16
Let c(m) = 5*m**2 + 3*m + 6. Let f be c(-3). Suppose -2*s = -1 + 7, -5*r + s = -153. What is the remainder when r is divided by (-21)/f - 66/(-4)?
14
Let b(z) = 15*z**2 - 3*z - 20 - 14*z**2 - 7*z. Let q be b(10). What is the remainder when 75 is divided by (-464)/(-18) + q/(-90)?
23
Suppose 9 + 21 = 5*c. Suppose c*r = 35 + 115. What is the remainder when 49 is divided by r?
24
Suppose -23*d + 0 = -0. Suppose -3*x - 5*s + 120 - 4 = d, -s - 212 = -5*x. Calculate the remainder when 80 is divided by x.
38
Suppose 482 = 4*r + 3*k, 2*k - 8 = -12. Let a = -19 + r. What is the remainder when a is divided by 35?
33
Let d = 3715 + -3618. What is the remainder when 177 is divided by d?
80
Let m = 18676 - 18486. Calculate the remainder when m is divided by 61.
7
Let s = 717 + -700. Suppose s*c - 10*c = 371. What is the remainder when 263 is divided by c?
51
Let s = -643 + 625. What is the remainder when (2/s*6)/((-2)/171) is divided by 37?
20
Suppose -125*m + 375043 + 313156 = 72199. Calculate the remainder when m is divided by 105.
98
Let c(v) = v*